- 47*k - 294. Determine g(-5).
-134
Let l(f) = 400*f**2 - 3*f + 2. Give l(1).
399
Let g(j) = 236*j - 3787. Determine g(16).
-11
Let m(p) = -14*p**3 + 127*p**2 - 24*p + 162. Calculate m(9).
27
Let j(p) = p**3 + 11*p**2 + 19*p + 146. Calculate j(-11).
-63
Let o(i) = i**3 + 2*i**2 - 220*i + 806. Determine o(4).
22
Let p(y) = 12*y**2 - 212*y + 137. What is p(17)?
1
Let p(y) = -51*y + 2366. Determine p(48).
-82
Let h(x) = -5*x**2 + 656*x + 521. Determine h(132).
-7
Let z(n) = -8*n + 340. Calculate z(40).
20
Let b(w) = w**3 + 11*w**2 - 10*w - 19. Calculate b(-12).
-43
Let a(r) = 4*r**2 - 12*r - 86. What is a(7)?
26
Let i(j) = j**3 + 2*j**2 - 99*j + 1. Determine i(0).
1
Let n(o) = -32*o - 109. Calculate n(5).
-269
Let r(u) = u**3 - 10*u**2 - 1276*u + 11487. Determine r(9).
-78
Let u(s) = 354*s - 7773. Calculate u(22).
15
Let y(x) = x**3 + 21*x**2 + 21*x - 347. What is y(-19)?
-24
Let b(x) = 4*x**2 + 154*x - 278. Determine b(-40).
-38
Let p(f) = f**2 - 9*f + 49. Calculate p(0).
49
Let p(w) = -26*w**2 - 15*w + 16. What is p(1)?
-25
Let a(l) = 8*l**3 + l**2 - 6*l - 7. Determine a(-1).
-8
Let l(g) = -g**3 - 14*g**2 - 34*g + 48. Calculate l(-5).
-7
Let y(w) = -1812*w + 27184. Determine y(15).
4
Let v(y) = 9*y**2 - 631*y + 69. What is v(70)?
-1
Let t(b) = 58*b - 14. Calculate t(0).
-14
Let u(l) = -167*l - 21197. What is u(-127)?
12
Let u(y) = 3*y**3 + 94*y**2 + 134*y - 1998. What is u(-29)?
3
Let u(m) = -21*m - 705. What is u(-38)?
93
Let s(j) = 1013*j + 4048. Calculate s(-4).
-4
Let s(m) = 114*m + 516. What is s(-4)?
60
Let m(h) = -h**3 - 6*h**2 + 9*h - 70. Calculate m(-8).
-14
Let h(a) = -2*a**3 - 70*a**2 + 149*a + 41. Determine h(-37).
4
Let o(l) = -l**3 + 63*l**2 - 60*l + 100. Determine o(62).
224
Let i(y) = 19*y**2 + 79*y - 418. What is i(3)?
-10
Let l(p) = -3*p**2 - 355*p - 6434. Give l(-96).
-2
Let f(p) = -p**2 + 356*p + 1797. Determine f(-5).
-8
Let m(p) = p**3 - 15*p**2 - 42*p + 100. Give m(17).
-36
Let t(d) = 272*d + 13. What is t(1)?
285
Let f(r) = -507*r - 115078. What is f(-227)?
11
Let i(o) = o**3 + 5*o**2 + 16*o + 80. What is i(-6)?
-52
Let w(x) = -x**3 + 8*x**2 - 169*x + 1896. What is w(10)?
6
Let f(o) = -o**3 + 168*o**2 - 3094*o + 1037. Give f(147).
8
Let k(c) = -22*c + 1087. Calculate k(49).
9
Let r(k) = -5*k**2 - 3311*k + 9940. Determine r(3).
-38
Let m(c) = -c**2 - 77*c - 290. Give m(-4).
2
Let m(c) = -9*c + 165. Calculate m(17).
12
Let o(l) = 17*l**3 + 2*l**2 - 9*l + 13. What is o(-3)?
-401
Let s(f) = -f**2 + 77*f + 1157. Calculate s(-11).
189
Let w(s) = -64*s**3 + s**2 - s - 1. Calculate w(1).
-65
Let q(t) = 7*t**2 - 563*t - 1126. Give q(-2).
28
Let k(h) = h**3 + 73*h**2 - 5*h - 376. Give k(-73).
-11
Let g(u) = -17*u + 164. Calculate g(10).
-6
Let p(a) = 6*a**2 - 6*a + 2. What is p(4)?
74
Let b(o) = -15*o + 1063. What is b(71)?
-2
Let v(d) = -52073*d - 364504. Determine v(-7).
7
Let y(r) = 79*r + 3086. Calculate y(-39).
5
Let b(h) = -h**3 + 105*h**2 - 319*h + 1347. Give b(102).
21
Let i(a) = 4*a**3 - 5*a - 4. Give i(0).
-4
Let g(c) = c**3 - 16*c**2 - 19*c + 13. Give g(17).
-21
Let y(k) = 230*k + 5540. Give y(-24).
20
Let u(p) = -p**3 - 9*p**2 + 57*p + 504. Give u(-11).
119
Let f(t) = -2*t**3 - 10*t**2 - 236*t - 911. Calculate f(-4).
1
Let y(v) = v**3 + 13*v**2 + 22*v - 25. Give y(-11).
-25
Let f(t) = 51*t + 175. What is f(-3)?
22
Let l(d) = -2*d**3 + 20*d**2 - 32*d + 56. Give l(7).
126
Let n(z) = -2*z**3 - 94*z**2 + 132*z + 1734. Calculate n(-48).
6
Let v(g) = 2*g**2 + 120*g + 1390. What is v(-16)?
-18
Let d(h) = -h**3 - 39*h**2 - 88*h - 41. Determine d(-37).
477
Let z(m) = -4*m**2 - 124*m - 46. Determine z(-31).
-46
Let o(m) = m**3 - 3*m**2 - 243*m + 164. What is o(-14)?
234
Let y(j) = -4*j**2 - 592*j - 11915. Determine y(-24).
-11
Let b(m) = 268*m + 13661. What is b(-51)?
-7
Let s(k) = -778*k - 4724. What is s(-6)?
-56
Let h(q) = -3*q**2 + 46*q + 116. Determine h(18).
-28
Let t(l) = -89*l + 121. Give t(1).
32
Let n(r) = -11*r - 1. Calculate n(-21).
230
Let q(g) = 7*g**2 - 25*g - 1289. Give q(-12).
19
Let u(l) = 33*l - 126. Determine u(0).
-126
Let i(v) = 18*v - 207. Calculate i(7).
-81
Let q(b) = -b**2 + 2*b + 38. Calculate q(4).
30
Let d(s) = 57*s + 425. What is d(-6)?
83
Let w(d) = 4*d**3 + 82*d**2 + 38*d + 42. Calculate w(-20).
82
Let l(n) = -6*n**2 + 24*n - 25. Give l(1).
-7
Let s(w) = -32*w - 1218. Calculate s(-38).
-2
Let w(m) = -223*m - 24088. Determine w(-108).
-4
Let f(j) = 758*j**3 - 4*j**2 + 6*j + 10. Give f(-1).
-758
Let u(n) = -n**3 + 49*n**2 + 54*n - 120. Calculate u(50).
80
Let d(q) = q**2 - 26*q - 389. Give d(37).
18
Let p(i) = -i**3 + 14*i**2 + 13*i - 138. Give p(17).
-784
Let s(o) = -12*o**2 + 303*o - 106. Determine s(25).
-31
Let g(n) = -n**3 + 25*n**2 + 39*n - 233. Calculate g(26).
105
Let c(z) = -53*z + 1109. Determine c(21).
-4
Let f(j) = j**2 - 7*j - 120. Give f(17).
50
Let u(f) = f**2 - 37*f + 97. What is u(32)?
-63
Let j(o) = 3*o**2 - 184*o + 1327. What is j(53)?
2
Let n(t) = -2*t**2 - t - 13. What is n(-5)?
-58
Let h(y) = 13*y - 108. Give h(17).
113
Let f(a) = -132*a + 1104. Determine f(8).
48
Let k(b) = 2*b**2 + 56*b - 859. Calculate k(-39).
-1
Let a(v) = 388*v - 5042. What is a(13)?
2
Let t(w) = -22*w**2 - 209*w - 120. Determine t(-9).
-21
Let w(f) = f**3 - 252*f**2 + 1233*f - 4. What is w(5)?
-14
Let y(s) = -3*s**2 + 41*s - 16. Calculate y(13).
10
Let w(b) = 96*b + 1149. Determine w(-22).
-963
Let w(b) = b**3 + 38*b**2 + 34*b - 155. Give w(-37).
-44
Let c(t) = -t**3 - 12*t**2 + 202*t + 287. Give c(-21).
14
Let a(w) = 10*w - 346. Determine a(34).
-6
Let u(w) = 4*w**2 - 106*w + 204. What is u(2)?
8
Let n(c) = 3*c**3 - 131*c**2 + 85*c - 8. Give n(43).
-51
Let h(i) = 15*i**2 - 350*i + 1059. Give h(3).
144
Let w(k) = -k**3 - 44*k**2 + 66*k + 9. Determine w(-45).
-936
Let d(q) = -22*q - 2351. What is d(-107)?
3
Let a(n) = 1898*n + 11410. Determine a(-6).
22
Let l(t) = -t**3 + 9*t**2 - 29*t + 12. Calculate l(4).
-24
Let a(j) = -5*j**2 + 91*j + 858. What is a(25)?
8
Let t(d) = -992*d + 132. Calculate t(1).
-860
Let n(k) = -6*k**3 + 40*k**2 + 221*k - 1446. What is n(7)?
3
Let m(y) = -y - 77. Give m(-24).
-53
Let o(a) = -6*a**3 - 39*a**2 - 11*a - 23. What is o(-6)?
-65
Let u(w) = 7*w**2 + 15*w + 58. Determine u(-9).
490
Let s(q) = 32*q + 73. What is s(-13)?
-343
Let l(m) = m**2 - 221*m - 5083. What is l(-21)?
-1
Let k(m) = -85*m - 103. What is k(0)?
-103
Let w(j) = -j**2 - 17*j + 212. Determine w(10).
-58
Let p(m) = -9*m**2 + 12*m - 6. Determine p(7).
-363
Let y(a) = 8*a + 13. Calculate y(0).
13
Let i(a) = 248*a + 97440. Calculate i(-393).
-24
Let i(z) = -2*z**2 - 660*z + 26356. Give i(-366).
4
Let t(x) = -13*x + 646. Determine t(75).
-329
Let y(q) = 14663*q - 58653. Give y(4).
-1
Let n(p) = p**2 - p - 273. Calculate n(19).
69
Let p(x) = 7809*x - 62473. Calculate p(8).
-1
Let s(v) = 3*v**2 + 497*v - 2213. What is s(-170)?
-3
Let j(b) = -b**3 - 72*b**2 + 68*b - 377. What is j(-73)?
-12
Let s(i) = -i**3 - 3*i**2 + 770*i + 3830. Give s(-5).
30
Let r(a) = a**2 + 141*a - 880. Give r(6).
2
Let w(x) = x**3 - 974*x**2 + 3876*x + 8. Determine w(4).
-8
Let f(m) = 2*m**3 + 56*m**2 - 62*m - 94. Determine f(-29).
22
Let w(g) = -1789*g + 8963. Determine w(5).
18
Let w(s) = 172*s - 864. Calculate w(5).
-4
Let b(d) = -2*d**3 + 203*d**2 - 488*d - 707. Determine b(99).
-14
Let d(o) = 3*o - 49. Calculate d(3).
-40
Let q(u) = 2*u**3 + 5*u**2 - 29*u - 86. Determine q(-3).
-8
Let s(h) = -1215*h + 3725. Give s(3).
80
Let f(x) = x**2 - 68*x + 703. Give f(55).
-12
Let y(t) = 7*t**2 + 21*t + 7. What is y(-3)?
7
Let u(f) = -207*f + 1720. What is u(8)?
64
Let k(g) = -g**3 - g**2 - 4*g + 196. What is k(0)?
196
Let h(r) = r**3 - 9*r**2 - 3*r - 12. What is h(7)?
-131
Let d(j) = -j**3 + 29*j**2 + 91*j + 187. Give d(32).
27
Let v(t) = 266*t + 4782. Calculate v(-18).
-6
Let f(u) = -5*u**3 + 292*u**2 + 298*u + 8. What is f(-1)?
7
Let z(j) = -2*j**3 - 3*j**2 - 15*j + 1. Give z(-2).
35
Let x(t) = -t**2 - 49*t + 248. What is x(5)?
-22
Let b(m) = m**3 - 73*m**2 - 70*m - 312. Determine b(74).
-16
Let z(g) = g**3 - 7*g**2 + 38*g - 133. Give z(5).
7
Let c(q) = -q**3 - 12*q**2 + 3*q + 34. Calculate c(-9).
-236
Let c(k) = -440*k - 1756. What is c(-4)?
4
Let j(g) = 5*g**2 + 365*g + 2596. Determine j(-65).
-4
Let h(t) = 23*t - 61. Calculate h(-5).
-176
L